{"id":16,"date":"2020-04-14T18:14:42","date_gmt":"2020-04-14T18:14:42","guid":{"rendered":"http:\/\/www.toropainenoy.fi\/?page_id=16"},"modified":"2023-06-08T18:41:00","modified_gmt":"2023-06-08T18:41:00","slug":"palvelut","status":"publish","type":"page","link":"https:\/\/www.toropainenoy.fi\/index.php\/palvelut\/","title":{"rendered":"Palvelut"},"content":{"rendered":"\n<p><strong>PUUNKORJUUPALVELUT<\/strong><\/p>\n\n\n\n<p>P\u00e4\u00e4toimialamme on koneellinen puunkorjuu; ensiharvennukset, harvennukset, p\u00e4\u00e4tehakkuut, erikoishakkuut ja hakkuut\u00e4hteiden mets\u00e4kuljetus. Konekalustossamme on seitsem\u00e4n hakkuukonetta ja yhdeks\u00e4n ajokonetta, jotka voidaan varustella eri olosuhteisiin sopiviksi. Ammattitaitoinen henkil\u00f6st\u00f6mme ty\u00f6skentelee p\u00e4\u00e4asiassa yhdess\u00e4 vuorossa.<\/p>\n\n\n\n<figure class=\"wp-block-image size-large\"><img loading=\"lazy\" decoding=\"async\" width=\"768\" height=\"1024\" src=\"http:\/\/www.toropainenoy.fi\/wp-content\/uploads\/2020\/05\/scorp-768x1024.jpg\" alt=\"\" class=\"wp-image-76\" srcset=\"https:\/\/www.toropainenoy.fi\/wp-content\/uploads\/2020\/05\/scorp-768x1024.jpg 768w, https:\/\/www.toropainenoy.fi\/wp-content\/uploads\/2020\/05\/scorp-225x300.jpg 225w, https:\/\/www.toropainenoy.fi\/wp-content\/uploads\/2020\/05\/scorp-1152x1536.jpg 1152w, https:\/\/www.toropainenoy.fi\/wp-content\/uploads\/2020\/05\/scorp-1536x2048.jpg 1536w, https:\/\/www.toropainenoy.fi\/wp-content\/uploads\/2020\/05\/scorp-scaled.jpg 1920w\" sizes=\"(max-width: 768px) 100vw, 768px\" \/><\/figure>\n\n\n\n<p><\/p>\n\n\n\n<p><\/p>\n\n\n\n<figure class=\"wp-block-gallery has-nested-images columns-default is-cropped wp-block-gallery-1 is-layout-flex wp-block-gallery-is-layout-flex\">\n<figure class=\"wp-block-image size-large\"><img loading=\"lazy\" decoding=\"async\" width=\"1024\" height=\"576\" data-id=\"102\" src=\"https:\/\/www.toropainenoy.fi\/wp-content\/uploads\/2020\/12\/IMG-20200905-WA0001-1024x576.jpeg\" alt=\"\" class=\"wp-image-102\" srcset=\"https:\/\/www.toropainenoy.fi\/wp-content\/uploads\/2020\/12\/IMG-20200905-WA0001-1024x576.jpeg 1024w, https:\/\/www.toropainenoy.fi\/wp-content\/uploads\/2020\/12\/IMG-20200905-WA0001-300x169.jpeg 300w, https:\/\/www.toropainenoy.fi\/wp-content\/uploads\/2020\/12\/IMG-20200905-WA0001-768x432.jpeg 768w, https:\/\/www.toropainenoy.fi\/wp-content\/uploads\/2020\/12\/IMG-20200905-WA0001-1536x864.jpeg 1536w, https:\/\/www.toropainenoy.fi\/wp-content\/uploads\/2020\/12\/IMG-20200905-WA0001-2048x1152.jpeg 2048w\" sizes=\"(max-width: 1024px) 100vw, 1024px\" \/><\/figure>\n\n\n\n<figure class=\"wp-block-image size-large\"><img loading=\"lazy\" decoding=\"async\" width=\"1024\" height=\"768\" data-id=\"8\" src=\"https:\/\/www.toropainenoy.fi\/wp-content\/uploads\/2020\/04\/volvoponsse-1024x768.jpg\" alt=\"\" class=\"wp-image-8\" srcset=\"https:\/\/www.toropainenoy.fi\/wp-content\/uploads\/2020\/04\/volvoponsse-1024x768.jpg 1024w, https:\/\/www.toropainenoy.fi\/wp-content\/uploads\/2020\/04\/volvoponsse-300x225.jpg 300w, https:\/\/www.toropainenoy.fi\/wp-content\/uploads\/2020\/04\/volvoponsse-768x576.jpg 768w, https:\/\/www.toropainenoy.fi\/wp-content\/uploads\/2020\/04\/volvoponsse-1536x1152.jpg 1536w, https:\/\/www.toropainenoy.fi\/wp-content\/uploads\/2020\/04\/volvoponsse-2048x1536.jpg 2048w\" sizes=\"(max-width: 1024px) 100vw, 1024px\" \/><\/figure>\n<\/figure>\n\n\n","protected":false},"excerpt":{"rendered":"<p>PUUNKORJUUPALVELUT P\u00e4\u00e4toimialamme on koneellinen puunkorjuu; ensiharvennukset, harvennukset, p\u00e4\u00e4tehakkuut, erikoishakkuut ja hakkuut\u00e4hteiden mets\u00e4kuljetus. Konekalustossamme on seitsem\u00e4n hakkuukonetta ja yhdeks\u00e4n ajokonetta, jotka voidaan varustella eri olosuhteisiin sopiviksi. Ammattitaitoinen henkil\u00f6st\u00f6mme ty\u00f6skentelee p\u00e4\u00e4asiassa yhdess\u00e4 vuorossa.<\/p>\n","protected":false},"author":1,"featured_media":0,"parent":0,"menu_order":0,"comment_status":"closed","ping_status":"closed","template":"","meta":{"footnotes":""},"_links":{"self":[{"href":"https:\/\/www.toropainenoy.fi\/index.php\/wp-json\/wp\/v2\/pages\/16"}],"collection":[{"href":"https:\/\/www.toropainenoy.fi\/index.php\/wp-json\/wp\/v2\/pages"}],"about":[{"href":"https:\/\/www.toropainenoy.fi\/index.php\/wp-json\/wp\/v2\/types\/page"}],"author":[{"embeddable":true,"href":"https:\/\/www.toropainenoy.fi\/index.php\/wp-json\/wp\/v2\/users\/1"}],"replies":[{"embeddable":true,"href":"https:\/\/www.toropainenoy.fi\/index.php\/wp-json\/wp\/v2\/comments?post=16"}],"version-history":[{"count":18,"href":"https:\/\/www.toropainenoy.fi\/index.php\/wp-json\/wp\/v2\/pages\/16\/revisions"}],"predecessor-version":[{"id":154,"href":"https:\/\/www.toropainenoy.fi\/index.php\/wp-json\/wp\/v2\/pages\/16\/revisions\/154"}],"wp:attachment":[{"href":"https:\/\/www.toropainenoy.fi\/index.php\/wp-json\/wp\/v2\/media?parent=16"}],"curies":[{"name":"wp","href":"https:\/\/api.w.org\/{rel}","templated":true}]}}